{"id":368,"date":"2023-01-02T14:15:02","date_gmt":"2023-01-02T14:15:02","guid":{"rendered":"https:\/\/www.assurance21.com\/nex\/?page_id=368"},"modified":"2023-01-03T04:41:27","modified_gmt":"2023-01-03T04:41:27","slug":"habitation","status":"publish","type":"page","link":"https:\/\/assurance21.com\/nex\/habitation\/","title":{"rendered":"habitation"},"content":{"rendered":"<p>[et_pb_section fb_built=\u00a0\u00bb1&Prime; _builder_version=\u00a0\u00bb4.19.4&Prime; _module_preset=\u00a0\u00bb51ae0e4d-43c2-40e9-aa74-9dac0030c6a0&Prime; background_color=\u00a0\u00bb#772570&Prime; background_image=\u00a0\u00bbhttps:\/\/assurance21.com\/nex\/nex\/wp-content\/uploads\/2023\/01\/assurance-habitation.jpg\u00a0\u00bb background_enable_mask_style=\u00a0\u00bbon\u00a0\u00bb background_mask_style=\u00a0\u00bbarch\u00a0\u00bb background_mask_color=\u00a0\u00bb#182d33&Prime; background_mask_aspect_ratio=\u00a0\u00bbsquare\u00a0\u00bb background_mask_size=\u00a0\u00bbcustom\u00a0\u00bb background_mask_width=\u00a0\u00bb100%\u00a0\u00bb background_mask_height=\u00a0\u00bb100%\u00a0\u00bb custom_padding=\u00a0\u00bb24px||141px|||\u00a0\u00bb saved_tabs=\u00a0\u00bball\u00a0\u00bb global_colors_info=\u00a0\u00bb%91%93&Prime;][et_pb_row use_custom_gutter=\u00a0\u00bbon\u00a0\u00bb _builder_version=\u00a0\u00bb4.19.4&Prime; _module_preset=\u00a0\u00bbdefault\u00a0\u00bb width=\u00a0\u00bb100%\u00a0\u00bb max_width=\u00a0\u00bb1320px\u00a0\u00bb custom_padding=\u00a0\u00bb0px||4px|||\u00a0\u00bb global_colors_info=\u00a0\u00bb{}\u00a0\u00bb][et_pb_column type=\u00a0\u00bb4_4&Prime; _builder_version=\u00a0\u00bb4.17.3&Prime; _module_preset=\u00a0\u00bbdefault\u00a0\u00bb global_colors_info=\u00a0\u00bb{}\u00a0\u00bb][et_pb_code _builder_version=\u00a0\u00bb4.19.4&Prime; _module_preset=\u00a0\u00bbdefault\u00a0\u00bb hover_enabled=\u00a0\u00bb0&Prime; custom_css_main_element=\u00a0\u00bbcolor:#fff;\u00a0\u00bb global_colors_info=\u00a0\u00bb{}\u00a0\u00bb sticky_enabled=\u00a0\u00bb0&Prime;]<nav aria-label=\"breadcrumbs\" class=\"rank-math-breadcrumb\"><p><span class=\"last\">Assurance<\/span><\/p><\/nav>[\/et_pb_code][\/et_pb_column][\/et_pb_row][et_pb_row column_structure=\u00a0\u00bb2_3,1_3&Prime; use_custom_gutter=\u00a0\u00bbon\u00a0\u00bb _builder_version=\u00a0\u00bb4.19.4&Prime; _module_preset=\u00a0\u00bbdefault\u00a0\u00bb max_width=\u00a0\u00bb1320px\u00a0\u00bb custom_padding=\u00a0\u00bb0px||5px|||\u00a0\u00bb global_colors_info=\u00a0\u00bb{}\u00a0\u00bb][et_pb_column type=\u00a0\u00bb2_3&Prime; _builder_version=\u00a0\u00bb4.17.3&Prime; _module_preset=\u00a0\u00bbdefault\u00a0\u00bb global_colors_info=\u00a0\u00bb{}\u00a0\u00bb][et_pb_text _builder_version=\u00a0\u00bb4.19.4&Prime; _module_preset=\u00a0\u00bb476db598-b402-4e78-a61b-34fdfa099f7d\u00a0\u00bb text_font=\u00a0\u00bbPoppins|300|||||||\u00a0\u00bb text_text_color=\u00a0\u00bb#FFFFFF\u00a0\u00bb text_font_size=\u00a0\u00bb17px\u00a0\u00bb text_line_height=\u00a0\u00bb1.9em\u00a0\u00bb link_font=\u00a0\u00bbPoppins|700|||on||||\u00a0\u00bb link_text_color=\u00a0\u00bb#FFFFFF\u00a0\u00bb header_font=\u00a0\u00bbPoppins|700|||||||\u00a0\u00bb header_text_color=\u00a0\u00bb#FFFFFF\u00a0\u00bb header_font_size=\u00a0\u00bb2.5rem\u00a0\u00bb header_line_height=\u00a0\u00bb1.3em\u00a0\u00bb custom_padding=\u00a0\u00bb72px|139px||||\u00a0\u00bb global_colors_info=\u00a0\u00bb%91%93&Prime;]<\/p>\n<h1><span itemprop=\"articleSection\">Comparateur assurance habitation<\/span><\/h1>\n<p><span>Avantages de l\u2019assurance habitation en ligne<\/span><br \/><span>Les solutions ?<\/span><span>\u00a0<\/span><span>Quels sont les risques ?<\/span><\/p>\n<p style=\"text-align: justify;\">\n<p>[\/et_pb_text][et_pb_button button_text=\u00a0\u00bbJe compare les offres\u00a0\u00bb _builder_version=\u00a0\u00bb4.19.4&Prime; _module_preset=\u00a0\u00bbdefault\u00a0\u00bb custom_button=\u00a0\u00bbon\u00a0\u00bb button_text_size=\u00a0\u00bb26px\u00a0\u00bb button_text_color=\u00a0\u00bb#FFFFFF\u00a0\u00bb button_bg_color=\u00a0\u00bb#772570&Prime; button_border_color=\u00a0\u00bbRGBA(255,255,255,0)\u00a0\u00bb button_border_radius=\u00a0\u00bb13px\u00a0\u00bb button_font=\u00a0\u00bbPoppins|600|||||||\u00a0\u00bb global_colors_info=\u00a0\u00bb{}\u00a0\u00bb][\/et_pb_button][\/et_pb_column][et_pb_column type=\u00a0\u00bb1_3&Prime; _builder_version=\u00a0\u00bb4.17.3&Prime; _module_preset=\u00a0\u00bbdefault\u00a0\u00bb global_colors_info=\u00a0\u00bb{}\u00a0\u00bb][\/et_pb_column][\/et_pb_row][\/et_pb_section][et_pb_section fb_built=\u00a0\u00bb1&Prime; _builder_version=\u00a0\u00bb4.17.3&Prime; _module_preset=\u00a0\u00bbdefault\u00a0\u00bb custom_margin=\u00a0\u00bb||-5px|||\u00a0\u00bb custom_padding=\u00a0\u00bb39px||2px|||\u00a0\u00bb global_colors_info=\u00a0\u00bb%91%93&Prime;][et_pb_row use_custom_gutter=\u00a0\u00bbon\u00a0\u00bb _builder_version=\u00a0\u00bb4.19.4&Prime; _module_preset=\u00a0\u00bbdefault\u00a0\u00bb background_color=\u00a0\u00bb#FFFFFF\u00a0\u00bb positioning=\u00a0\u00bbnone\u00a0\u00bb vertical_offset=\u00a0\u00bb-55px\u00a0\u00bb max_width=\u00a0\u00bb1320px\u00a0\u00bb custom_margin=\u00a0\u00bb1px||||false|false\u00a0\u00bb custom_padding=\u00a0\u00bb0px|11px|8px|20px|false|false\u00a0\u00bb border_style_all=\u00a0\u00bbnone\u00a0\u00bb border_width_top=\u00a0\u00bb5px\u00a0\u00bb border_color_top=\u00a0\u00bb#E09900&Prime; global_colors_info=\u00a0\u00bb{}\u00a0\u00bb][et_pb_column type=\u00a0\u00bb4_4&Prime; _builder_version=\u00a0\u00bb4.17.3&Prime; _module_preset=\u00a0\u00bbdefault\u00a0\u00bb global_colors_info=\u00a0\u00bb{}\u00a0\u00bb][et_pb_text _builder_version=\u00a0\u00bb4.19.4&Prime; _module_preset=\u00a0\u00bba202c26c-e0b3-4699-9283-2a84b7cb445f\u00a0\u00bb text_font=\u00a0\u00bbPoppins||||||||\u00a0\u00bb text_text_color=\u00a0\u00bb#424242&Prime; text_font_size=\u00a0\u00bb18px\u00a0\u00bb text_line_height=\u00a0\u00bb1.4em\u00a0\u00bb link_font=\u00a0\u00bb||||on|||#041d70|\u00a0\u00bb link_text_color=\u00a0\u00bb#050784&Prime; header_text_color=\u00a0\u00bb#052e87&Prime; header_2_font=\u00a0\u00bbPoppins|700|||||||\u00a0\u00bb header_2_text_color=\u00a0\u00bb#052e87&Prime; header_2_font_size=\u00a0\u00bb28px\u00a0\u00bb header_2_line_height=\u00a0\u00bb1.7em\u00a0\u00bb text_orientation=\u00a0\u00bbjustified\u00a0\u00bb custom_margin=\u00a0\u00bb-10px|||||\u00a0\u00bb saved_tabs=\u00a0\u00bball\u00a0\u00bb global_colors_info=\u00a0\u00bb%91%93&Prime;]<\/p>\n<div class=\"row-fluid\">\n<div class=\"span12\">\n<div class=\"item\">\n<div>\n<h2>G\u00e9n\u00e9ralit\u00e9s sur l\u2019assurance habitation<\/h2>\n<p>L\u2019assurance habitation a \u00e9t\u00e9 \u00e9tablie il y a des ann\u00e9es, \u00e0 l\u2019origine de l\u2019assurance incendie. Elle reste incontournable jusqu\u2019\u00e0 ce jour \u00e9tant donn\u00e9 que les risques et les sinistres augmentent de jours en jours et qu\u2019on n\u2019est jamais \u00e0 l\u2019abri de catastrophes.<\/p>\n<p>L\u2019assurance habitation est valable que ce soit pour les propri\u00e9taires d\u2019une maison ou les locataires. Elle est concr\u00e9tis\u00e9e au moyen d\u2019un contrat sign\u00e9 par les deux parties (l\u2019assureur et l\u2019assur\u00e9) et comprend des garanties de base et d\u2019autres qui sont facultatives. Les garanties de base se d\u00e9clinent en deux cat\u00e9gories : la responsabilit\u00e9 civile et les garanties de dommages aux biens.<\/p>\n<p>La responsabilit\u00e9 civile est obligatoire, elle couvre un assur\u00e9 sur les dommages caus\u00e9s \u00e0 une tierce personne. Les garanties de dommages aux biens sont, au contraire, non obligatoires. Elles concernent directement l\u2019assur\u00e9 et la couverture de son patrimoine.<\/p>\n<h3>les garanties suppl\u00e9mentaires<\/h3>\n<p>A part ces garanties de base, il existe \u00e9galement les garanties suppl\u00e9mentaires qui incluent bri\u00e8vement les garanties des biens de l\u2019assur\u00e9, celles qui concernent le vol et l\u2019incendie ou encore celles qui touchent la protection juridique.<\/p>\n<p>En tout cas, il ne faut pas oublier que plus les options que l\u2019on choisit sont nombreuses, plus les cotisations seront \u00e9lev\u00e9es. Toutes ces garanties sont valables pour une souscription en agence ou une souscription en ligne. Elles sont exactement les m\u00eames.<\/p>\n<\/div>\n<\/div>\n<\/div>\n<\/div>\n<div class=\"row-fluid\">\n<div class=\"span12\">\n<div class=\"item\">\n<div>\n<h2>Avantages de l\u2019assurance habitation en ligne<\/h2>\n<p>Pour les adeptes de la technologie, Internet offre plusieurs avantages depuis le choix de l\u2019assurance habitation en ligne jusqu\u2019\u00e0 la signature du contrat.<\/p>\n<p>En fait, l\u2019assurance maison en ligne est exactement similaire \u00e0 l\u2019assurance traditionnelle, \u00e0 la seule diff\u00e9rence que toutes les proc\u00e9dures de recherche et de souscription se passent en ligne.<\/p>\n<p>Lorsque vous d\u00e9cidez de souscrire \u00e0 une assurance sur le net, vous devez tout d\u2019abord trouver un site de comparateur qui va comparer pour vous plusieurs offres de compagnies d\u2019assurance. Ce comparateur peut d\u2019ailleurs afficher les \u00e9ventuels devis dont vous pouvez disposer.<\/p>\n<h3>Trouvez la meilleure assurance habitation<\/h3>\n<p>Une fois que vous avez choisi votre assurance, le paiement se fait \u00e9galement en ligne ainsi que la souscription, apr\u00e8s quoi le contrat d\u2019assurance prendra imm\u00e9diatement effet.<\/p>\n<p>Cette d\u00e9marche en ligne comprend les deux garanties : les garanties de base et les garanties exceptionnelles. Tout se passe exactement comme avec une assurance ordinaire.<\/p>\n<p>Le principal avantage se trouve dans la rapidit\u00e9 de l\u2019op\u00e9ration. Ainsi, avec une souscription en ligne, pas besoin de se d\u00e9placer ni de suivre les longues proc\u00e9dures classiques qui incluent paperasses et administration.<\/p>\n<p>Elle est disponible 24h\/24h et 7j\/7, et la recherche est illimit\u00e9e. Alors, n\u2019h\u00e9sitez plus, \u00e9voluez avec la technologie et trouvez la meilleure assurance habitation.<\/p>\n<\/div>\n<\/div>\n<\/div>\n<\/div>\n<div class=\"row-fluid\">\n<div class=\"span12\">\n<div class=\"item\">\n<div>\n<h2>Comment trouver la meilleur assurance habitation ?<\/h2>\n<p>A titre informatif, une assurance habitation est une assurance qui a pour vocation de couvrir un immeuble, les meubles qui s\u2019y trouvent et enfin la responsabilit\u00e9 civile des personnes qui y habitent en cas de sinistre.<\/p>\n<p>Elle peut aussi \u00eatre appel\u00e9e multirisques habitation ou MRH. On se demande toujours pourquoi l\u2019assurance habitation est une obligation. En fait, elle l\u2019est seulement si ses occupants sont des locataires. Evidemment, ces derniers se retrouvent dans l\u2019obligation d\u2019indemniser tout d\u00e9g\u00e2t que peut subir le logement.<\/p>\n<p>Pour cela, ils ont besoin d\u2019une assurance habitation. De m\u00eame ils doivent couvrir les meubles qui s\u2019y trouvent s\u2019ils leur appartiennent. Concernant les assurances habitation, on entend souvent parler de r\u00e9sidence secondaire.<\/p>\n<p>En effet, un individu peut avoir deux r\u00e9sidences : une r\u00e9sidence principale et une r\u00e9sidence secondaire. Cette derni\u00e8re sert, le plus souvent de lieu de vacances pour son propri\u00e9taire. Tout de m\u00eame, il est n\u00e9cessaire qu\u2019il souscrive une assurance habitation pour la couvrir en cas de sinistre.<\/p>\n<p>La prime d\u2019assurance pour une r\u00e9sidence secondaire est habituellement moins \u00e9lev\u00e9e \u00e9tant donn\u00e9 que le calcul ne tient compte que de la moiti\u00e9 de la valeur des biens du propri\u00e9taire.<\/p>\n<p>Par contre, malgr\u00e9 cet avantage, une r\u00e9sidence secondaire est plus sujette au vol et \u00e0 tout acte de vandalisme compte tenu que son propri\u00e9taire n\u2019y habite presque pas.<\/p>\n<p>De ce fait, la prime d\u2019assurance se retrouve tout de m\u00eame plus \u00e9lev\u00e9e. Le mieux c\u2019est de penser \u00e0 s\u00e9curiser l\u2019habitation pour r\u00e9duire ce co\u00fbt, et en m\u00eame temps les risques.<\/p>\n<h3>Trouver la bonne assurance<\/h3>\n<p>Toujours concernant l\u2019assurance habitation, l\u2019assur\u00e9 doit toujours tenir son assureur inform\u00e9 de son d\u00e9m\u00e9nagement afin de pouvoir r\u00e9silier son contrat.<\/p>\n<p>Bien choisir la meilleur assurance habitation demande une patience d\u00e9mesur\u00e9e et de la d\u00e9termination. 5 points au moins sont vitaux pour ce choix :<\/p>\n<ul>\n<li>Vous devez consid\u00e9rer les garanties : il y a les garanties in\u00e9vitables et celles qui sont facultatives. Le choix de ces garanties peut prendre des heures mais, au final, cela permet de trouver la bonne assurance<\/li>\n<li>Alliez les garanties que vous allez choisir \u00e0 vos besoins. Evitez les futilit\u00e9s, vous perdrez en temps et en capital. Ne n\u00e9gligez pas votre mode de vie, vos exigences et vos attentes. Sachez qu\u2019un bon contrat d\u2019assurance pourra prendre en compte chaque d\u00e9tail de vos n\u00e9cessit\u00e9s.<\/li>\n<li>N\u2019omettez pas de v\u00e9rifier les franchises et le mode de remboursement de la compagnie d\u2019assurance qui vous int\u00e9resse.<\/li>\n<li>Soyez minutieux dans votre lorsque vous \u00e9noncez vos attentes, cela aidera votre assureur \u00e0 mieux vous diriger.<\/li>\n<\/ul>\n<p>&nbsp;<\/p>\n<\/div>\n<\/div>\n<\/div>\n<\/div>\n<p>[\/et_pb_text][\/et_pb_column][\/et_pb_row][\/et_pb_section]<\/p>\n","protected":false},"excerpt":{"rendered":"<p><nav aria-label=\"breadcrumbs\" class=\"rank-math-breadcrumb\"><p><span class=\"last\">Assurance<\/span><\/p><\/nav>Comparateur assurance habitation Avantages de l\u2019assurance habitation en ligneLes solutions ?\u00a0Quels sont les risques ? G\u00e9n\u00e9ralit\u00e9s sur l\u2019assurance habitation L\u2019assurance habitation a \u00e9t\u00e9 \u00e9tablie il y a des ann\u00e9es, \u00e0 l\u2019origine de l\u2019assurance incendie. Elle reste incontournable jusqu\u2019\u00e0 ce jour \u00e9tant donn\u00e9 que les risques et les sinistres augmentent de jours en jours et qu\u2019on [&hellip;]<\/p>\n","protected":false},"author":1,"featured_media":0,"parent":0,"menu_order":0,"comment_status":"closed","ping_status":"closed","template":"","meta":{"_et_pb_use_builder":"on","_et_pb_old_content":"","_et_gb_content_width":"","inline_featured_image":false,"footnotes":""},"class_list":["post-368","page","type-page","status-publish","hentry"],"amp_enabled":true,"_links":{"self":[{"href":"https:\/\/assurance21.com\/nex\/wp-json\/wp\/v2\/pages\/368","targetHints":{"allow":["GET"]}}],"collection":[{"href":"https:\/\/assurance21.com\/nex\/wp-json\/wp\/v2\/pages"}],"about":[{"href":"https:\/\/assurance21.com\/nex\/wp-json\/wp\/v2\/types\/page"}],"author":[{"embeddable":true,"href":"https:\/\/assurance21.com\/nex\/wp-json\/wp\/v2\/users\/1"}],"replies":[{"embeddable":true,"href":"https:\/\/assurance21.com\/nex\/wp-json\/wp\/v2\/comments?post=368"}],"version-history":[{"count":0,"href":"https:\/\/assurance21.com\/nex\/wp-json\/wp\/v2\/pages\/368\/revisions"}],"wp:attachment":[{"href":"https:\/\/assurance21.com\/nex\/wp-json\/wp\/v2\/media?parent=368"}],"curies":[{"name":"wp","href":"https:\/\/api.w.org\/{rel}","templated":true}]}}