{"id":399,"date":"2023-01-03T05:19:13","date_gmt":"2023-01-03T05:19:13","guid":{"rendered":"https:\/\/www.assurance21.com\/?page_id=399"},"modified":"2023-01-03T05:21:25","modified_gmt":"2023-01-03T05:21:25","slug":"resilie","status":"publish","type":"page","link":"https:\/\/assurance21.com\/nex\/auto\/resilie\/","title":{"rendered":"resilie"},"content":{"rendered":"<p>[et_pb_section fb_built=\u00a0\u00bb1&Prime; _builder_version=\u00a0\u00bb4.19.4&Prime; _module_preset=\u00a0\u00bb51ae0e4d-43c2-40e9-aa74-9dac0030c6a0&Prime; background_color=\u00a0\u00bb#772570&Prime; background_image=\u00a0\u00bbhttps:\/\/assurance21.com\/nex\/nex\/wp-content\/uploads\/2023\/01\/assurance-auto.jpg\u00a0\u00bb background_enable_mask_style=\u00a0\u00bbon\u00a0\u00bb background_mask_style=\u00a0\u00bbarch\u00a0\u00bb background_mask_color=\u00a0\u00bb#182d33&Prime; background_mask_aspect_ratio=\u00a0\u00bbsquare\u00a0\u00bb background_mask_size=\u00a0\u00bbcustom\u00a0\u00bb background_mask_width=\u00a0\u00bb100%\u00a0\u00bb background_mask_height=\u00a0\u00bb100%\u00a0\u00bb custom_padding=\u00a0\u00bb24px||141px|||\u00a0\u00bb global_module=\u00a0\u00bb365&Prime; saved_tabs=\u00a0\u00bball\u00a0\u00bb global_colors_info=\u00a0\u00bb%91%93&Prime;][et_pb_row use_custom_gutter=\u00a0\u00bbon\u00a0\u00bb _builder_version=\u00a0\u00bb4.19.4&Prime; _module_preset=\u00a0\u00bbdefault\u00a0\u00bb width=\u00a0\u00bb100%\u00a0\u00bb max_width=\u00a0\u00bb1320px\u00a0\u00bb custom_padding=\u00a0\u00bb0px||4px|||\u00a0\u00bb global_colors_info=\u00a0\u00bb{}\u00a0\u00bb][et_pb_column type=\u00a0\u00bb4_4&Prime; _builder_version=\u00a0\u00bb4.17.3&Prime; _module_preset=\u00a0\u00bbdefault\u00a0\u00bb global_colors_info=\u00a0\u00bb{}\u00a0\u00bb][et_pb_code _builder_version=\u00a0\u00bb4.19.4&Prime; _module_preset=\u00a0\u00bbdefault\u00a0\u00bb custom_css_main_element=\u00a0\u00bbcolor:#fff;\u00a0\u00bb global_colors_info=\u00a0\u00bb{}\u00a0\u00bb]<nav aria-label=\"breadcrumbs\" class=\"rank-math-breadcrumb\"><p><span class=\"last\">Assurance<\/span><\/p><\/nav>[\/et_pb_code][\/et_pb_column][\/et_pb_row][et_pb_row column_structure=\u00a0\u00bb2_3,1_3&Prime; use_custom_gutter=\u00a0\u00bbon\u00a0\u00bb _builder_version=\u00a0\u00bb4.19.4&Prime; _module_preset=\u00a0\u00bbdefault\u00a0\u00bb max_width=\u00a0\u00bb1320px\u00a0\u00bb custom_padding=\u00a0\u00bb0px||5px|||\u00a0\u00bb global_colors_info=\u00a0\u00bb{}\u00a0\u00bb][et_pb_column type=\u00a0\u00bb2_3&Prime; _builder_version=\u00a0\u00bb4.17.3&Prime; _module_preset=\u00a0\u00bbdefault\u00a0\u00bb global_colors_info=\u00a0\u00bb{}\u00a0\u00bb][et_pb_text _builder_version=\u00a0\u00bb4.19.4&Prime; _module_preset=\u00a0\u00bb476db598-b402-4e78-a61b-34fdfa099f7d\u00a0\u00bb text_font=\u00a0\u00bbPoppins|300|||||||\u00a0\u00bb text_text_color=\u00a0\u00bb#FFFFFF\u00a0\u00bb text_font_size=\u00a0\u00bb17px\u00a0\u00bb text_line_height=\u00a0\u00bb1.9em\u00a0\u00bb link_font=\u00a0\u00bbPoppins|700|||on||||\u00a0\u00bb link_text_color=\u00a0\u00bb#FFFFFF\u00a0\u00bb header_font=\u00a0\u00bbPoppins|700|||||||\u00a0\u00bb header_text_color=\u00a0\u00bb#FFFFFF\u00a0\u00bb header_font_size=\u00a0\u00bb2.5rem\u00a0\u00bb header_line_height=\u00a0\u00bb1.3em\u00a0\u00bb custom_padding=\u00a0\u00bb72px|139px||||\u00a0\u00bb global_colors_info=\u00a0\u00bb%91%93&Prime;]<\/p>\n<h1>Assurance auto pour r\u00e9sili\u00e9<\/h1>\n<p>Si votre contrat d\u2019assurance auto a \u00e9t\u00e9 r\u00e9sili, il est fortement recommand\u00e9 de comparer les propositions des assureurs pour trouver un contrat adapt\u00e9 \u00e0 vos besoins et votre budget.<\/p>\n<p>Actuellement, de plus en plus d\u2019assureurs \u00e9laborent des offres sp\u00e9ciales d\u00e9di\u00e9es aux conducteurs r\u00e9sili\u00e9s \u00e0 des tarifs tr\u00e8s comp\u00e9titifs.<\/p>\n<p style=\"text-align: justify;\">\n<p>[\/et_pb_text][et_pb_button button_text=\u00a0\u00bbJe compare les offres\u00a0\u00bb _builder_version=\u00a0\u00bb4.19.4&Prime; _module_preset=\u00a0\u00bbdefault\u00a0\u00bb custom_button=\u00a0\u00bbon\u00a0\u00bb button_text_size=\u00a0\u00bb26px\u00a0\u00bb button_text_color=\u00a0\u00bb#FFFFFF\u00a0\u00bb button_bg_color=\u00a0\u00bb#772570&Prime; button_border_color=\u00a0\u00bbRGBA(255,255,255,0)\u00a0\u00bb button_border_radius=\u00a0\u00bb13px\u00a0\u00bb button_font=\u00a0\u00bbPoppins|600|||||||\u00a0\u00bb global_colors_info=\u00a0\u00bb{}\u00a0\u00bb][\/et_pb_button][\/et_pb_column][et_pb_column type=\u00a0\u00bb1_3&Prime; _builder_version=\u00a0\u00bb4.17.3&Prime; _module_preset=\u00a0\u00bbdefault\u00a0\u00bb global_colors_info=\u00a0\u00bb{}\u00a0\u00bb][\/et_pb_column][\/et_pb_row][\/et_pb_section][et_pb_section fb_built=\u00a0\u00bb1&Prime; _builder_version=\u00a0\u00bb4.17.3&Prime; _module_preset=\u00a0\u00bbdefault\u00a0\u00bb custom_margin=\u00a0\u00bb||-6px|||\u00a0\u00bb custom_padding=\u00a0\u00bb32px||40px|||\u00a0\u00bb global_colors_info=\u00a0\u00bb%91%93&Prime;][et_pb_row use_custom_gutter=\u00a0\u00bbon\u00a0\u00bb _builder_version=\u00a0\u00bb4.19.4&Prime; _module_preset=\u00a0\u00bbdefault\u00a0\u00bb background_color=\u00a0\u00bb#FFFFFF\u00a0\u00bb positioning=\u00a0\u00bbnone\u00a0\u00bb vertical_offset=\u00a0\u00bb-55px\u00a0\u00bb max_width=\u00a0\u00bb1320px\u00a0\u00bb custom_margin=\u00a0\u00bb1px||||false|false\u00a0\u00bb custom_padding=\u00a0\u00bb0px|11px|8px|20px|false|false\u00a0\u00bb border_style_all=\u00a0\u00bbnone\u00a0\u00bb border_width_top=\u00a0\u00bb5px\u00a0\u00bb border_color_top=\u00a0\u00bb#E09900&Prime; global_colors_info=\u00a0\u00bb{}\u00a0\u00bb][et_pb_column type=\u00a0\u00bb4_4&Prime; _builder_version=\u00a0\u00bb4.17.3&Prime; _module_preset=\u00a0\u00bbdefault\u00a0\u00bb global_colors_info=\u00a0\u00bb{}\u00a0\u00bb][et_pb_text _builder_version=\u00a0\u00bb4.19.4&Prime; _module_preset=\u00a0\u00bbb1e76ef5-a2a3-4142-aaf0-e3b10591557d\u00a0\u00bb text_font=\u00a0\u00bbPoppins||||||||\u00a0\u00bb text_text_color=\u00a0\u00bb#424242&Prime; text_font_size=\u00a0\u00bb18px\u00a0\u00bb text_line_height=\u00a0\u00bb1.4em\u00a0\u00bb link_font=\u00a0\u00bb||||on|||#041d70|\u00a0\u00bb link_text_color=\u00a0\u00bb#050784&Prime; header_text_color=\u00a0\u00bb#052e87&Prime; header_2_font=\u00a0\u00bbPoppins|700|||||||\u00a0\u00bb header_2_text_color=\u00a0\u00bb#052e87&Prime; header_2_font_size=\u00a0\u00bb28px\u00a0\u00bb header_2_line_height=\u00a0\u00bb1.7em\u00a0\u00bb text_orientation=\u00a0\u00bbjustified\u00a0\u00bb custom_margin=\u00a0\u00bb-10px|||||\u00a0\u00bb hover_enabled=\u00a0\u00bb0&Prime; saved_tabs=\u00a0\u00bball\u00a0\u00bb global_colors_info=\u00a0\u00bb%91%93&Prime; sticky_enabled=\u00a0\u00bb0&Prime;]<\/p>\n<h2>Les motifs de r\u00e9siliation d\u2019un contrat d\u2019assurance auto<\/h2>\n<p>L\u2019assureur peut d\u00e9cider de r\u00e9silier le contrat d\u2019assurance auto de son client pour les raisons suivantes :<\/p>\n<ul>\n<li>taux de sinistralit\u00e9 \u00e9lev\u00e9<\/li>\n<li>difficult\u00e9s de paiement des primes d\u2019assurance<\/li>\n<li>perte de plusieurs points sur le permis de conduire<\/li>\n<li>suspension<\/li>\n<li>retrait du permis de conduire.<\/li>\n<\/ul>\n<p>Lorsque leur contrat d\u2019assurance auto a \u00e9t\u00e9 r\u00e9sili\u00e9 par l\u2019assureur, les particuliers ont du mal \u00e0 en trouver un nouveau. En effet, les professionnels de l\u2019assurance redoutent que les sinistres, les accidents ou les d\u00e9fauts de paiement continuent. Certains assureurs acceptent, mais \u00e0 des tarifs exorbitants.<\/p>\n<h2>Trouver une assurance auto pour conducteur r\u00e9sili\u00e9<\/h2>\n<p>Conscients des probl\u00e8mes rencontr\u00e9s par <strong>les conducteurs r\u00e9sili\u00e9s<\/strong>, certains courtiers et assureurs ont d\u00e9cid\u00e9 d\u2019\u00e9laborer des contrats d\u2019assurance auto sp\u00e9cialement con\u00e7us pour eux. Les offres sp\u00e9ciales sont plus adapt\u00e9es aux besoins des particuliers dont l\u2019assurance auto a \u00e9t\u00e9 r\u00e9sili\u00e9e. Ils permettent de profiter de tarifs moins chers et de garanties s\u00e9curisantes.<\/p>\n<p>Pour trouver les \u00e9tablissements qui sont pr\u00eats \u00e0 vous assurer, utilisez un comparateur d\u2019assurance auto en sp\u00e9cifiant votre profil dans le formulaire pr\u00e9\u00e9tabli. Il est \u00e9galement possible de faire des demandes de devis aupr\u00e8s des professionnels pour d\u00e9couvrir les contrats les plus int\u00e9ressants.<\/p>\n<h2>Adapter son contrat d\u2019assurance auto en modifiant les garanties<\/h2>\n<p>Si vous constatez que votre assurance auto ne couvre plus vos besoins, vous \u00eates tenus d\u2019avertir votre assureur afin qu\u2019il vous puisse vous proposer une offre plus appropri\u00e9e que vous serez en droit de refuser. D\u00e9couvrez les d\u00e9marches \u00e0 suivre pour modifier votre contrat.<\/p>\n<h3>Dans quels cas la modification est-elle in\u00e9vitable ?<\/h3>\n<p>La plupart du temps, les conducteurs n\u2019avisent leurs assureurs d\u2019un changement que lorsqu\u2019il leur permet de r\u00e9duire le montant de leur prime d\u2019assurance auto. Par exemple, si votre v\u00e9hicule est d\u00e9sormais \u00e2g\u00e9 de plus de 5 ans, il est possible de remplacer l\u2019assurance tout risque par une garantie responsabilit\u00e9 civile afin de payer une cotisation plus abordable.<\/p>\n<p>Pourtant, la loi oblige l\u2019assur\u00e9 \u00e0 d\u00e9clarer tout changement de situation afin que l\u2019assureur puisse adapter le niveau d\u2019indemnisation avant qu\u2019un sinistre ne survienne. Ainsi, que le changement vous soit b\u00e9n\u00e9fique ou non, prenez la peine d\u2019avertir votre assureur afin d\u2019\u00e9viter les sanctions telles que le refus d\u2019indemnisation ou la r\u00e9siliation du contrat. D\u00e8s que votre situation ou votre profil change, cela peut entrainer une modification des garanties de votre assurance auto.<\/p>\n<h2>Refus d\u2019assurance, d\u00e9couvrez les d\u00e9marches \u00e0 suivre pour y rem\u00e9dier<\/h2>\n<p>Lorsque les professionnels de l\u2019assurance auto estiment que le niveau de risque \u00e0 couvrir est trop \u00e9lev\u00e9, ils ont le droit de refuser d\u2019assurer un conducteur. Pour pouvoir circuler sur la voie publique, il faut au moins disposer d\u2019une assurance responsabilit\u00e9 civile. Le Bureau Central de Tarification peut intervenir sur votre demande pour vous aider \u00e0 obtenir cette couverture minimale requise.<\/p>\n<h3>Niveau \u00e9lev\u00e9 de sinistralit\u00e9<\/h3>\n<p>Lorsqu\u2019un conducteur n\u2019arrive plus \u00e0 s\u2019acquitter de sa prime d\u2019assurance auto, s\u2019il affiche un niveau \u00e9lev\u00e9 de sinistralit\u00e9, s\u2019il est sanctionn\u00e9 pour conduite en <a title=\"assurance auto r\u00e9sili\u00e9 alcool\u00e9mie\" href=\"https:\/\/www.assurance21.com\/auto\/alcoolemie\/\">\u00e9tat d\u2019ivresse<\/a> ou s\u2019il commet un d\u00e9lit, son assureur peut refuser de le couvrir et r\u00e9silier son contrat. En consultant son relev\u00e9 d\u2019information, les autres compagnies d\u2019assurance suivent l\u2019exemple.<\/p>\n<p>Il existe une solution qui permet d\u2019\u00eatre \u00e0 nouveau assur\u00e9. Le Bureau Central de Tarification (BCT) peut intervenir pour que vous puissiez souscrire \u00e0 une garantie responsabilit\u00e9 civile. En effet, cet organisme ne peut pas obliger l\u2019assureur \u00e0 couvrir les dommages mat\u00e9riels subis par le souscripteur.<\/p>\n<h2>La meilleure solution assurance auto non paiement<\/h2>\n<p>Vous cherchez une solution d&rsquo;assurance auto r\u00e9sili\u00e9e pour non-paiement pas ch\u00e8re ? D\u00e9couvrez celle que nous vous proposons.<\/p>\n<h3>Comment peut-on \u00eatre r\u00e9sili\u00e9 ?<\/h3>\n<p>Sachez au prime abord qu&rsquo;en cas de non-paiement, votre assureur peut vous envoyer une lettre recommand\u00e9e de mise en demeure de payer dans un d\u00e9lai de 30 jours. Si vous ne r\u00e9gularisez pas votre situation, l&rsquo;assureur est en droit de r\u00e9silier votre contrat dans les 10 jours suivant ce d\u00e9lai. M\u00eame r\u00e9sili\u00e9, vous devrez quand m\u00eame int\u00e9gralement la prime et vous n&rsquo;\u00eates pas garanti en cas de sinistre.<\/p>\n<h3>Optez pour une demande de devis assurance auto pour r\u00e9sili\u00e9<\/h3>\n<blockquote>\n<p>Gr\u00e2ce \u00e0 nos solutions d&rsquo;assurance, vous b\u00e9n\u00e9ficiez de la meilleure offre pour votre cas avec les meilleures garanties d&rsquo;<strong><a href=\"https:\/\/www.assurance21.com\/auto\/\">assurance auto<\/a> non-paiement pas ch\u00e8re<\/strong>. Optez pour un devis gratuit en r\u00e9pondant \u00e0 un questionnaire simple et d\u00e9couvrez une proposition de contrat d&rsquo;assurance auto qui convient \u00e0 votre situation.<\/p>\n<\/blockquote>\n<p>Nos prestations fiables s&rsquo;adaptent aux besoins des assur\u00e9s. Alors, qu&rsquo;attendez-vous ? Rejoignez-nous afin de profiter d&rsquo;une offre exceptionnelle qui est certainement l&rsquo;une des meilleures du march\u00e9 actuel. Nous sommes sp\u00e9cialis\u00e9s en assurance auto suite au non-paiement de primes d&rsquo;assurances auto<\/p>\n<h2>Comment demander l\u2019intervention de la BCT ?<\/h2>\n<p>Avant de contacter la BCT\u00b8vous devez d\u2019abord comparer les offres d\u2019assurance auto en sp\u00e9cifiant votre profil. Une fois que vous aurez trouv\u00e9 l\u2019assureur qui affiche le tarif le moins cher, contactez-le pour lui demander deux exemplaires du formulaire \u00ab proposition d\u2019assurance \u00bb. Si vous ne recevez aucune r\u00e9ponse, demand\u00e9 ces imprim\u00e9s aupr\u00e8s de la BCT.<\/p>\n<p>Une fois ces documents remplis en bonne et due forme, gardez le premier et exp\u00e9diez le second par courrier recommand\u00e9 avec accus\u00e9 de r\u00e9ception au si\u00e8ge social de la compagnie d\u2019assurance. Le formulaire doit \u00eatre accompagn\u00e9 de votre relev\u00e9 d\u2019information et des photocopies de votre carte grise ainsi que de votre permis de conduire.<\/p>\n<p>N\u2019oubliez pas de demander un devis d\u2019assurance hors taxe que vous devez fournir au BCT. Selon l\u2019article R 250-4 du Code des assurances, l\u2019assureur a l\u2019obligation d\u2019indiquer le tarif de r\u00e9f\u00e9rence en tenant compte du risque \u00e0 couvrir. Si vous ne recevez pas ce document, rappelez le responsable pour le relancer.<\/p>\n<p>Si l\u2019assureur ne r\u00e9pond pas \u00e0 votre demande. Envoyez le formulaire de proposition d\u2019assurance que vous avez conserv\u00e9 au BCT avec votre relev\u00e9 d\u2019information.<\/p>\n<p>[\/et_pb_text][\/et_pb_column][\/et_pb_row][\/et_pb_section]<\/p>\n","protected":false},"excerpt":{"rendered":"<p><nav aria-label=\"breadcrumbs\" class=\"rank-math-breadcrumb\"><p><span class=\"last\">Assurance<\/span><\/p><\/nav>Assurance auto pour r\u00e9sili\u00e9 Si votre contrat d\u2019assurance auto a \u00e9t\u00e9 r\u00e9sili, il est fortement recommand\u00e9 de comparer les propositions des assureurs pour trouver un contrat adapt\u00e9 \u00e0 vos besoins et votre budget. Actuellement, de plus en plus d\u2019assureurs \u00e9laborent des offres sp\u00e9ciales d\u00e9di\u00e9es aux conducteurs r\u00e9sili\u00e9s \u00e0 des tarifs tr\u00e8s comp\u00e9titifs. Les motifs de [&hellip;]<\/p>\n","protected":false},"author":1,"featured_media":0,"parent":360,"menu_order":0,"comment_status":"closed","ping_status":"closed","template":"","meta":{"_et_pb_use_builder":"on","_et_pb_old_content":"","_et_gb_content_width":"","inline_featured_image":false,"footnotes":""},"class_list":["post-399","page","type-page","status-publish","hentry"],"amp_enabled":true,"_links":{"self":[{"href":"https:\/\/assurance21.com\/nex\/wp-json\/wp\/v2\/pages\/399","targetHints":{"allow":["GET"]}}],"collection":[{"href":"https:\/\/assurance21.com\/nex\/wp-json\/wp\/v2\/pages"}],"about":[{"href":"https:\/\/assurance21.com\/nex\/wp-json\/wp\/v2\/types\/page"}],"author":[{"embeddable":true,"href":"https:\/\/assurance21.com\/nex\/wp-json\/wp\/v2\/users\/1"}],"replies":[{"embeddable":true,"href":"https:\/\/assurance21.com\/nex\/wp-json\/wp\/v2\/comments?post=399"}],"version-history":[{"count":0,"href":"https:\/\/assurance21.com\/nex\/wp-json\/wp\/v2\/pages\/399\/revisions"}],"up":[{"embeddable":true,"href":"https:\/\/assurance21.com\/nex\/wp-json\/wp\/v2\/pages\/360"}],"wp:attachment":[{"href":"https:\/\/assurance21.com\/nex\/wp-json\/wp\/v2\/media?parent=399"}],"curies":[{"name":"wp","href":"https:\/\/api.w.org\/{rel}","templated":true}]}}